ainder when p is divided by h.
19
Suppose -4*b = -2*l + 4726, 2*l + 2*b - 11839 = -3*l. What is the remainder when l is divided by 74?
73
Let g(p) = p**3 - 3*p**2 - 6*p + 2. Let z be g(4). Let y be ((-5)/(-3))/(45/135). Let q = y - z. What is the remainder when q is divided by 6?
5
Suppose b = r - 12, b - 2 = -3*r + 26. Calculate the remainder when 18 is divided by r.
8
Let l = 86 + -75. Suppose 3*r = -2*d + 170, 2*d = -r + l + 151. What is the remainder when d is divided by (1*15)/(6/8)?
19
Let r(z) = 3*z**2 - 5*z - 3. Suppose 9 + 3 = -4*i. Let v = 35 + -21. What is the remainder when r(i) is divided by v?
11
Let d(s) = -2*s + 2. Let k be d(1). Suppose -1 + k = -2*m - 5*j, -5*m + 3*j + 80 = 0. What is the remainder when 102 is divided by m?
11
Let t(q) = -3*q - 3*q**3 - q + 1 + 6*q**2 + 2*q**3. Suppose 0 = -2*p - 10, 4*y - 2*p - 26 = 0. What is the remainder when 33 is divided by t(y)?
16
Let o = -719 - -1306. Calculate the remainder when o is divided by 14.
13
Suppose 4*q - 96 = -4*s, 0 = -2*q + 2*s - 8 + 60. Calculate the remainder when 237 is divided by q.
12
Let f be -1 + ((-18)/30)/(1/(-5)). Suppose -2*h + 24 = f*h. Suppose -2*t - 42 = -4*t. Calculate the remainder when t is divided by h.
3
Let u(j) = -3*j - 15. Suppose -d - 19 = -l + 3*l, 4*d + 20 = 0. Calculate the remainder when 23 is divided by u(l).
5
Calculate the remainder when 36 is divided by 42*(2/(-28) + (-20)/(-35)).
15
Let q(i) = -i**2 + 10*i - 4. Let s be -3 + 4/(-8)*-2. Let f be 62/22 - s/11. Calculate the remainder when 82 is divided by q(f).
14
Suppose -9 + 66 = 2*h - 5*v, -185 = -5*h + 4*v. Suppose 3*k - 37 = -3*s + s, 3*s - 27 = 5*k. What is the remainder when h is divided by s?
13
Suppose -s - 3 + 41 = 0. Let l = s - -25. Calculate the remainder when l is divided by (-80)/6*12/(-10).
15
Suppose -n + h + 3*h + 23 = 0, 3*n - 9 = -3*h. Suppose -2*d = -n*d + 35. Let z(s) = -2*s**2 - 2*s + 4. Calculate the remainder when d is divided by z(0).
3
Let x(y) = -372*y**2 - 3*y - 5. Let p be x(-5). Calculate the remainder when (-1)/(-6) - p/60 is divided by 53.
49
Let q(v) = -v**3 - v**2 + v + 1. Let b(k) = 2*k**3 - 2*k**2 - 2*k + 11. Let m(w) = b(w) + 4*q(w). What is the remainder when m(-4) is divided by 21?
18
Suppose 55 - 8 = v. What is the remainder when 143 is divided by v?
2
Let t = 30 + -19. Suppose 4*h - 2*h = 8. Suppose -3*f - 9 = 0, h*c = -f - 4*f + 153. Calculate the remainder when c is divided by t.
9
Let b be 0*1/(-4)*-2. Suppose b = -s + 5*u + 2, -3*u = 2*s - 4 - 13. Let d = 25 - 12. Calculate the remainder when d is divided by s.
6
Suppose 3*g = -2*g + 385. Let v = -98 + 179. Suppose 0*l + r - v = -4*l, l + 3*r - 23 = 0. What is the remainder when g is divided by l?
17
Suppose 40 = 4*x - 4*h, 0 = -2*x + h + 3*h + 14. What is the remainder when 176 is divided by x?
7
Let x = -496 + 531. What is the remainder when 523 is divided by x?
33
Let d(n) = 19*n - 102. Calculate the remainder when 213 is divided by d(6).
9
Let y(w) be the first derivative of -7*w**2 - 3*w + 6. Let o be y(3). Calculate the remainder when 39 is divided by (o/6)/(3/(-4)).
9
Let f(l) = l**3 + 3*l**2 - 4*l + 5. Let n = 11 - -52. What is the remainder when n is divided by f(2)?
12
Let g(h) = h**3 + 8*h**2 + 2*h - 10. Let y = 7 - -1. Calculate the remainder when g(-7) is divided by y.
1
Suppose -r + t - 225 = -3*r, 3*r - 330 = -3*t. Let p = -52 + r. What is the remainder when p is divided by 16?
15
Let i be (-226)/(-4) - (-9)/(-18). Suppose 3*b = -5*j + i, 0*b + 4*b = -j + 69. Let g = 26 - -23. What is the remainder when g is divided by b?
15
Suppose 6*r = 509 - 131. Calculate the remainder when 313 is divided by r.
61
Suppose 23*a - 53 = 131. What is the remainder when 70 is divided by a?
6
Let t = -95 - -105. Calculate the remainder when (0 - (-28)/t)*(36 - 26) is divided by 6.
4
Suppose 2*a + 2*t = -3*t - 15, 5*a - 9 = 3*t. Suppose a*h = 5*h + 3*g - 192, 64 = 2*h - 2*g. Calculate the remainder when h is divided by 13.
10
Calculate the remainder when 31 is divided by 8/(-44) - (-468)/33.
3
Suppose 4*m = -4*r + 16, -r + 18 - 6 = 5*m. Suppose i - 19 = -2*n, -7*i = 3*n - m*i - 32. Calculate the remainder when 23 is divided by n.
5
Let k(z) = -z - 3. Suppose 3 = -3*d, 5*n - 8*d + 60 = -3*d. Let t = 324 - 298. Calculate the remainder when t is divided by k(n).
6
Suppose -5*u + 75 = t, -2*t - 2*u = 3*u - 160. What is the remainder when 129 is divided by t?
44
Let h(a) = -a**3 + 4*a**2 + 2. Let w be h(-3). Let f be 2/5 + (-2236)/w. Let c = f + 65. What is the remainder when c is divided by 17?
14
What is the remainder when 88 is divided by (790/553)/((-2)/(-14))?
8
What is the remainder when (-1)/(-5 + (-4333)/(-868)) is divided by 7?
5
Let m = -14 - -78. Suppose 9*l = 67 + 32. What is the remainder when m is divided by l?
9
Suppose -5 = -5*n + 5. Suppose -a - 2 = -n*a. Suppose -r = a*r - 12. What is the remainder when 9 is divided by r?
1
Let o(u) = 3*u**3 - 11*u**2 + 29*u - 9. Calculate the remainder when o(8) is divided by 33.
32
Let b = -31 + 89. What is the remainder when b is divided by -3 + 13/(-1 - -2)?
8
Let y(p) = p**2 - p + 12. Let g be (-2 - -1 - -1)*1. Calculate the remainder when 44 is divided by y(g).
8
What is the remainder when (72/(-60))/((-3)/85) is divided by 13?
8
Let c = 447 + -411. Calculate the remainder when 107 is divided by c.
35
Suppose -t - 20 = -4*m, -40 = -4*m - 0*m - 4*t. Suppose -3*n - v + 47 = -0*v, 3*v - 6 = 0. Calculate the remainder when n is divided by m.
3
Let o(v) = -v**2 + 48*v + 156. Let b = 9 - 3. Calculate the remainder when b is divided by o(51).
0
Let h = -380 - -978. What is the remainder when 113 is divided by h/104*4*1?
21
Calculate the remainder when 53 is divided by 0 - (-14)/4*2.
4
Let m(w) = 35*w**2 + 2*w - 2. Let y be m(2). Let x = y - 98. Suppose x = -6*n + 7*n. What is the remainder when n is divided by 15?
14
Suppose 7*o = 2*o + h - 8, 5*h + 4 = 3*o. What is the remainder when 71 is divided by 1*-18*(-3 - o)?
17
Suppose 140 = 4*v + 100. Let i = 33 - 15. What is the remainder when i is divided by v?
8
Calculate the remainder when -9*2/3*90/(-10) is divided by 10.
4
Let k(c) = 0*c - 3*c - c + 7*c - 3 + c. Let u be 1/(-2) - 13/(-2). Calculate the remainder when 61 is divided by k(u).
19
Let s = 5 - 1. Suppose 0 = s*p - 16, -5*p - 15 - 40 = -5*r. What is the remainder when 42 is divided by r?
12
Let g(d) = d. Suppose 3*c = 38 + 31. Calculate the remainder when c is divided by g(7).
2
Suppose 5*b - 15 = 1030. What is the remainder when b is divided by 21?
20
Let t = 372 + 13. Calculate the remainder when t is divided by 43.
41
Let q(p) be the third derivative of 11/15*p**5 + 0 - 10*p**2 - 1/6*p**3 + 0*p**4 + 0*p. Calculate the remainder when q(1) is divided by 22.
21
Let t be (9/18)/(2/(-4)). Let c be 2 - ((8 - 4) + t). Let p(i) = -7*i**3 + i**2 + i. Calculate the remainder when 25 is divided by p(c).
4
Let n = 507 - 408. What is the remainder when n is divided by 25?
24
Let v(a) = a**2 - 38*a - 148. Calculate the remainder when v(43) is divided by 23.
21
Suppose 9 = 3*y - n, -6*n = -3*n - 9. Let l = 4162 - 4158. What is the remainder when y is divided by l?
0
Let z(g) = 6*g**3 - 2*g**2 - g. Let x be z(-1). Let h = x - -3. Calculate the remainder when -9*1/(3 + h) is divided by 3.
0
Let h(m) = 6*m**3 - 4*m**2 - 1. Suppose -15*d + 152 = 2. What is the remainder when h(2) is divided by d?
1
Let i = -12 + 49. Let f be (4/(-12))/(1/(-12)). Suppose -3*k - j - f*j + 410 = 0, k = -2*j + 135. What is the remainder when k is divided by i?
34
Let s = -2 - -9. Let p be -2 - (-2 + 5 - s). Calculate the remainder when 9 is divided by p/12 + 34/12.
0
Let d(g) = 22*g - 80. What is the remainder when 361 is divided by d(6)?
49
Let q = -396 + 602. What is the remainder when q is divided by 8?
6
Let k = -52 + 58. Suppose 0 = 3*q + 3*l - k, q + 8*l = 3*l - 18. Calculate the remainder when q is divided by 5.
2
Let i = -164 - -202. What is the remainder when 137 is divided by i?
23
Let r = 1958 + -1856. What is the remainder when 187 is divided by r?
85
What is the remainder when 15/(45/(-246))*1/(-2) is divided by 14?
13
What is the remainder when 249 is divided by ((2*63)/(-3))/(-1 - 1)?
18
Let f be -3 - (3 - 9 - 2). Suppose 0*w + 5*j = 5*w, 0 = -2*w + f*j - 3. Supp